8364
Convert -1114 (base 12) to base 11.
-1467
What is 11101000101 (base 2) in base 7?
5266
What is 12211 (base 8) in base 11?
3a4a
Convert 2641 (base 7) to base 12.
701
What is 121010220 (base 3) in base 10?
11769
120a (base 11) to base 4
120233
Convert 11750 (base 9) to base 11.
5a34
What is 101 (base 12) in base 5?
1040
Convert 331 (base 12) to base 3.
122101
What is 274 (base 16) in base 11?
521
What is 2232 (base 12) in base 3?
12012002
Convert -12601 (base 7) to base 9.
-4567
Convert -11307 (base 9) to base 7.
-30661
What is -1011011001011011 (base 2) in base 5?
-2443213
-211 (base 10) to base 3
-21211
What is 1332 (base 8) in base 16?
2da
What is -2421 (base 10) in base 2?
-100101110101
What is a2 (base 12) in base 2?
1111010
Convert -1001010110 (base 2) to base 8.
-1126
Convert 100110111 (base 2) to base 5.
2221
-323310 (base 4) to base 12
-2270
What is -172 (base 12) in base 4?
-3212
What is -305 (base 10) in base 14?
-17b
Convert 116121 (base 7) to base 13.
992a
Convert -2860 (base 10) to base 8.
-5454
Convert 10010221 (base 3) to base 13.
1075
-31175 (base 10) to base 3
-1120202122
What is -44130 (base 6) in base 9?
-8330
What is -8b (base 14) in base 3?
-11120
Convert 8d7 (base 14) to base 12.
1025
What is -1511 (base 6) in base 5?
-3103
Convert -1011110000010 (base 2) to base 4.
-1132002
What is -13c1 (base 16) in base 2?
-1001111000001
-59949 (base 10) to base 8
-165055
324 (base 9) to base 8
411
What is -7af (base 16) in base 10?
-1967
What is 754 (base 10) in base 4?
23302
Convert -210021 (base 3) to base 5.
-4244
1465 (base 12) to base 6
15005
Convert 583 (base 9) to base 8.
740
What is -1fe (base 16) in base 14?
-286
Convert 34431 (base 5) to base 14.
c9d
-219 (base 15) to base 8
-732
Convert 401110 (base 6) to base 12.
16196
What is -30c7 (base 13) in base 16?
-1a62
Convert 210042 (base 5) to base 6.
51533
b7 (base 13) to base 5
1100
What is 2552 (base 6) in base 14?
340
What is 1753 (base 9) in base 8?
2500
-c4 (base 14) to base 3
-20101
10001010111 (base 2) to base 10
1111
Convert 3b8 (base 14) to base 4.
23232
-6638 (base 16) to base 8
-63070
What is 387 (base 11) in base 15?
208
-2021 (base 4) to base 6
-345
Convert 10020100 (base 3) to base 12.
1446
Convert 2100103 (base 4) to base 10.
9235
What is 3216 (base 9) in base 8?
4474
Convert -5409 (base 13) to base 10.
-11670
What is 183 (base 13) in base 5?
2101
-1546 (base 11) to base 4
-133002
-33222 (base 4) to base 15
-46c
625b (base 16) to base 10
25179
What is 21112120 (base 3) in base 8?
12570
23310210 (base 4) to base 10
48420
What is 124336 (base 7) in base 8?
55163
What is 1115 (base 8) in base 7?
1501
101000011010 (base 2) to base 14
d2a
-3011 (base 7) to base 10
-1037
Convert -141321 (base 5) to base 10.
-5836
2145 (base 10) to base 16
861
Convert -103432 (base 8) to base 10.
-34586
a (base 14) to base 2
1010
10030 (base 4) to base 9
327
What is -285 (base 11) in base 12?
-23b
What is 4040 (base 9) in base 4?
232020
-c896 (base 13) to base 12
-1413b
Convert 3c56 (base 16) to base 15.
489b
What is -307 (base 11) in base 10?
-370
-2b2 (base 15) to base 13
-386
What is -6111 (base 7) in base 14?
-ab1
512 (base 7) to base 12
192
What is a268 (base 12) in base 2?
100010011110000
-431340 (base 6) to base 11
-24608
What is -21021 (base 3) in base 6?
-524
-1200111 (base 3) to base 10
-1228
What is -542443 (base 7) in base 13?
-34063
Convert 101021200 (base 3) to base 10.
7497
Convert 29404 (base 12) to base 13.
202b1
What is 4025 (base 7) in base 6?
10235
-37160 (base 8) to base 9
-23830
What is -2b5 (base 16) in base 15?
-313
Convert 65661 (base 8) to base 14.
a093
Convert -3121 (base 7) to base 10.
-1093
What is 2100 (base 4) in base 8?
220
Convert -2320 (base 5) to base 8.
-517
What is -363 (base 10) in base 6?
-1403
12344 (base 6) to base 4
131020
-5034 (base 14) to base 2
-11010111000110
Convert -12200111 (base 3) to base 10.
-4144
-751 (base 13) to base 8
-2341
d7 (base 16) to base 8
327
4054 (base 13) to base 2
10001010011001
What is -290 (base 11) in base 16?
-155
What is -32133 (base 5) in base 12?
-1308
12242 (base 6) to base 13
aa6
What is 4513 (base 13) in base 4?
2112301
-33602 (base 7) to base 9
-12625
Convert -678a (base 11) to base 7.
-35016
560d (base 16) to base 8
53015
Convert -101010101010111 (base 2) to base 4.
-11111113
-2a2 (base 12) to base 14
-214
58b (base 12) to base 14
431
What is -124654 (base 7) in base 6?
-255534
-20427 (base 10) to base 12
-b9a3
-1114 (base 11) to base 16
-5bb
Convert -380 (base 9) to base 8.
-473
-4335 (base 8) to base 3
-10010001
What is -11221200 (base 3) in base 5?
-103414
-188 (base 14) to base 10
-316
What is -110c6 (base 13) in base 11?
-2125a
-385 (base 16) to base 4
-32011
What is 454b (base 13) in base 7?
40161
4905 (base 15) to base 2
11110010101010
32520 (base 6) to base 7
16104
-44333 (base 8) to base 16
-48db
5145 (base 7) to base 6
12153
Convert 10233 (base 8) to base 16.
109b
Convert -1235 (base 6) to base 13.
-1ac
What is 102211 (base 3) in base 6?
1251
What is 24133 (base 8) in base 5?
312311
What is -55b (base 13) in base 15?
-416
What is -3043 (base 12) in base 9?
-7156
Convert -2100110 (base 3) to base 7.
-4665
994 (base 13) to base 12
b4a
-422 (base 12) to base 10
-602
1277b (base 12) to base 5
1302140
Convert -68bc (base 15) to base 5.
-1202402
What is -425 (base 6) in base 10?
-161
2320213 (base 4) to base 14
443d
Convert 16414 (base 9) to base 15.
3517
What is -1402 (base 5) in base 10?
-227
Convert -245 (base 11) to base 14.
-16b
-73f (base 16) to base 11
-1437
1001220 (base 3) to base 2
1100001100
4b (base 12) to base 4
323
-222222 (base 3) to base 12
-508
-c8a (base 13) to base 6
-13530
2122 (base 3) to base 15
4b
Convert -354 (base 11) to base 14.
-222
Convert 1cb6 (base 16) to base 9.
11066
522 (base 8) to base 12
242
-6a4 (base 15) to base 10
-1504
Convert 17c5 (base 16) to base 13.
2a01
What is 1182 (base 9) in base 4?
31310
What is 45302 (base 6) in base 16?
18e6
What is -40530 (base 6) in base 4?
-1110012
Convert -11717 (base 8) to base 7.
-20533
Convert 361 (base 7) to base 9.
231
What is -110232 (base 4) in base 3?
-1211010
-578b (base 13) to base 2
-10111111111011
111120 (base 3) to base 16
16e
Convert 1011000101110 (base 2) to base 14.
20d8
Convert -122022 (base 3) to base 14.
-255
What is 1100111111 (base 3) in base 11?
18a9a
What is 42142 (base 6) in base 3?
21210022
524 (base 10) to base 6
2232
What is 143 (base 9) in base 15?
80
What is 1c3 (base 13) in base 6?
1304
What is 6661 (base 7) in base 3?
10021201
Convert 1001111011 (base 2) to base 4.
21323
223212 (base 4) to base 3
10211100
Convert 120113 (base 4) to base 16.
617
7626 (base 11) to base 14
3955
What is -543 (base 7) in base 11?
-231
Convert -46e (base 15) to base 14.
-51a
Convert 467 (base 10) to base 16.
1d3
14983 (base 13) to base 14
102c1
-66aa (base 12) to base 14
-41d8
Convert -6210 (base 12) to base 3.
-112122010
Convert 64b (base 14) to base 16.
4db
What is 7638 (base 11) in base 4?
2131210
Convert -d (base 16) to base 14.
-d
Convert 113024 (base 7) to base 5.
1122010
What is -65 (base 8) in base 13?
-41
What is -22 (base 10) in base 6?
-34
What is 11423 (base 5) in base 14?
459
What is 3150 (base 7) in base 13?
678
Convert -1100211 (base 3) to base 16.
-3e2
da88 (base 15) to base 7
251564
2242 (base 8) to base 2
10010100010
97 (base 14) to base 4
2011
Convert 8cd (base 16) to base 6.
14233
-d61 (base 15) to base 11
-22a2
What is 5104 (base 6) in base 2?
10001100000
-4421 (base 11) to base 13
-2867
Convert -7205 (base 11) to base 12.
-5650
Convert 3170 (base 11) to base 14.
1755
Convert 620a (base 12) to base 4.
2212222
What is -5b4 (base 14) in base 5?
-14023
What is -65321 (base 8) in base 6?
-330333
Convert -12 (base 15) to base 10.
-17
d6 (base 14) to base 11
161
What is 6d6d (base 15) in base 2?
101101011101110
Convert -10243441 (base 5) to base 14.
-23bab
Convert -201011 (base 3) to base 15.
-247
What is 350 (base 14) in base 16?
292
Convert -378 (base 11) to base 3.
-121121
1f5 (base 16) to base 7
1314
-1a1 (base 12) to base 8
-411
What is -13c (base 14) in base 10?
-250
Convert -15163 (base 7) to base 9.
-5687
Convert 6a7 (base 14) to base 3.
1211000
Convert -1220 (base 3) to base 5.
-201
-22431 (base